e
Is 48636 even?
True
Is 596235 a multiple of 59?
False
Is 4240 a multiple of 8?
True
Is 354404 a multiple of 16?
False
Is 125 a factor of 1144275?
False
Is 43162 a multiple of 6?
False
Is 303479 a multiple of 587?
True
Does 1315 divide 4957919?
False
Is 183 a factor of 65148?
True
Does 1495 divide 7527325?
True
Does 92 divide 6492367?
False
Does 6 divide 266964?
True
Is 25 a factor of 43279?
False
Does 138 divide 161046?
True
Is 255232 a multiple of 16?
True
Is 94 a factor of 190470?
False
Is 14137020 a multiple of 617?
False
Does 215 divide 1032860?
True
Does 11 divide 583?
True
Is 36 a factor of 897286?
False
Is 5615792 a multiple of 1102?
True
Is 1104320 a multiple of 170?
True
Does 153 divide 809389?
False
Is 13 a factor of 31525?
True
Is 9 a factor of 2270761?
False
Is 8126224 a multiple of 16?
True
Is 392456 a multiple of 21?
False
Is 215 a factor of 88580?
True
Is 61272 a multiple of 92?
True
Does 6 divide 61208?
False
Does 5 divide 1037438?
False
Is 221143 a multiple of 50?
False
Is 302241 a multiple of 31?
False
Is 171347 a multiple of 5?
False
Does 32 divide 3104223?
False
Is 282417 a multiple of 69?
True
Is 437541 a multiple of 507?
True
Does 29 divide 4903596?
False
Does 54 divide 4055994?
True
Is 42 a factor of 1009240?
False
Does 218 divide 18094?
True
Does 21 divide 18360203?
False
Is 12 a factor of 161580?
True
Is 3841178 a multiple of 11?
True
Is 7 a factor of 20567225?
True
Does 223 divide 625889?
False
Does 9 divide 26622?
True
Is 20 a factor of 174284?
False
Is 10 a factor of 151048?
False
Is 134 a factor of 6466840?
True
Is 2148354 a multiple of 6?
True
Is 670494 a multiple of 66?
True
Does 41 divide 262019?
False
Is 475112 a multiple of 19?
False
Is 600117 a multiple of 31?
False
Is 50616 a multiple of 114?
True
Is 71 a factor of 6799670?
True
Is 51 a factor of 2340441?
True
Is 27072 a multiple of 12?
True
Is 1281758 a multiple of 149?
False
Is 25936 a multiple of 106?
False
Is 12 a factor of 1534451?
False
Does 472 divide 2505848?
True
Is 90138 a multiple of 25?
False
Is 42402 a multiple of 34?
False
Does 16 divide 4160?
True
Is 369702 a multiple of 414?
True
Is 74844 a multiple of 14?
True
Is 222016 a multiple of 4?
True
Does 8 divide 1191968?
True
Is 938884 a multiple of 41?
False
Is 356965 a multiple of 47?
True
Does 22 divide 353192?
False
Is 31951 a multiple of 56?
False
Does 47 divide 1093472?
False
Is 616278 a multiple of 43?
False
Does 115 divide 233565?
True
Does 6 divide 760284?
True
Is 38 a factor of 390967?
False
Is 2997 a factor of 5660086?
False
Is 36 a factor of 349272?
True
Is 156 a factor of 10101806?
False
Does 86 divide 6164394?
True
Is 193954 a multiple of 11?
False
Is 162 a factor of 1852768?
False
Does 43 divide 276351?
False
Is 16 a factor of 98650?
False
Does 39 divide 3391284?
True
Is 868133 a multiple of 15?
False
Does 30 divide 3164160?
True
Does 7 divide 12838?
True
Does 40 divide 2842657?
False
Is 9926 a multiple of 5?
False
Is 1730887 a multiple of 20?
False
Does 27 divide 1514189?
False
Does 591 divide 5214393?
True
Does 586 divide 291828?
True
Is 14840 a multiple of 424?
True
Is 51 a factor of 387447?
True
Does 69 divide 42090?
True
Is 27 a factor of 41154?
False
Is 40 a factor of 129355?
False
Does 186 divide 115989?
False
Is 17018756 a multiple of 244?
True
Is 319123 a multiple of 234?
False
Is 354 a factor of 2612520?
True
Is 6894045 a multiple of 1145?
True
Is 192 a factor of 51654?
False
Is 12 a factor of 26140?
False
Is 1112664 a multiple of 179?
True
Is 12574 a multiple of 10?
False
Is 9 a factor of 1332828?
True
Is 82841 a multiple of 35?
False
Does 20 divide 1096596?
False
Is 387498 a multiple of 58?
True
Is 60 a factor of 3543982?
False
Is 2067584 a multiple of 128?
True
Is 10 a factor of 569210?
True
Is 772 a factor of 817858?
False
Does 189 divide 441504?
True
Is 928158 a multiple of 98?
True
Is 518495 a multiple of 63?
False
Is 33392 a multiple of 506?
False
Is 6389588 a multiple of 233?
False
Is 5321355 a multiple of 13?
True
Is 6379 a multiple of 7?
False
Is 316 a factor of 28440?
True
Is 4757593 a multiple of 11?
False
Is 30 a factor of 8940?
True
Is 55836 a multiple of 188?
True
Is 681714 a multiple of 33?
True
Is 2604526 a multiple of 53?
True
Does 74 divide 474266?
True
Does 12 divide 2228484?
True
Is 52888 a multiple of 20?
False
Is 82219 a multiple of 14?
False
Is 5 a factor of 200005?
True
Does 55 divide 69575?
True
Is 52 a factor of 12834588?
True
Does 31 divide 5159640?
True
Is 14 a factor of 174944?
True
Does 3 divide 14345?
False
Does 79 divide 5682818?
False
Is 441220 a multiple of 340?
False
Is 803239 a multiple of 861?
False
Is 19 a factor of 1249243?
False
Does 41 divide 77326?
True
Is 13 a factor of 241481?
False
Is 1950315 a multiple of 15?
True
Does 263 divide 7964750?
False
Is 3018 a multiple of 503?
True
Is 26 a factor of 16058?
False
Is 544497 a multiple of 35?
False
Is 23 a factor of 9155242?
True
Is 451 a factor of 3873729?
False
Is 24 a factor of 92362?
False
Is 1943116 a multiple of 203?
True
Does 77 divide 48279?
True
Does 48 divide 228153?
False
Does 13 divide 5655764?
False
Does 47 divide 5153926?
True
Is 234117 a multiple of 109?
False
Is 1116 a factor of 5250780?
True
Does 12 divide 2169156?
True
Is 219 a factor of 114049?
False
Is 175182 a multiple of 194?
True
Is 868287 a multiple of 11?
False
Is 37902 even?
True
Is 1410275 a multiple of 25?
True
Does 126 divide 138348?
True
Is 839205 a multiple of 196?
False
Is 2177 a factor of 5131189?
True
Is 4872744 a multiple of 18?
True
Does 112 divide 8821358?
False
Is 733 a factor of 8833732?
False
Does 73 divide 55918?
True
Is 102 a factor of 2220744?
True
Is 15934813 a multiple of 2647?
False
Is 86327 a multiple of 60?
False
Does 154 divide 204204?
True
Is 10604 a multiple of 22?
True
Is 1352610 a multiple of 798?
True
Is 396 a factor of 27724752?
True
Is 5 a factor of 551470?
True
Does 64 divide 219114?
False
Does 285 divide 1190825?
False
Does 7 divide 89873?
True
Is 27813 a multiple of 23?
False
Is 19034642 a multiple of 10?
False
Is 658030 a multiple of 11?
False
Is 3 a factor of 53914?
False
Is 96 a factor of 5658144?
True
Is 68 a factor of 76120?
False
Is 1772586 a multiple of 73?
True
Is 124 a factor of 510136?
True
Is 235 a factor of 118208?
False
Is 36 a factor of 454350?
False
Does 178 divide 1517984?
True
Is 164 a factor of 380559?
False
Is 1701295 a multiple of 215?
True
Is 1406500 a multiple of 250?
True
Does 159 divide 12081615?
True
Is 211830 a multiple of 345?
True
Is 11 a factor of 122982?
False
Is 38 a factor of 458584?
True
Is 408889 a multiple of 13?
True
Is 7 a factor of 100522?
False
Is 37 a factor of 2683458?
False
Is 10 a factor of 1947150?
True
Is 90 a factor of 46350?
True
Is 66 a factor of 196416?
True
Does 14 divide 155782?
False
Is 59617 a multiple of 85?
False
Does 344 divide 632491?
False
Is 6069551 a multiple of 221?
False
Is 388883 a multiple of 24?
False
Is 158 a factor of 37502?
False
Is 390 a factor of 41340?
True
Is 2474552 a multiple of 18?
False
Is 11 a factor of 3855869?
False
Is 38 a factor of 1929218?
False
Does 718 divide 279493?
False
Is 312728 a multiple of 31?
True
Is 583 a factor of 15679336?
False
Does 29 divide 1204835?
False
Does 41 divide 2730887?
True
Does 118 divide 386083?
False
Does 629 divide 17342788?
True
Does 441 divide 3851608?
False
Does 4 divide 19747?
False
Does 24 divide 4711368?
True
Is 191 a factor of 83849?
True
Is 5 a factor of 253524?
False
Is 5648355 a multiple of 45?
True
Is 316 a factor of 189750?
False
Is 113813 a multiple of 9?
False
Is 21454150 a multiple of 24?
False
Is 93108 a multiple of 4?
True
Is 2427 even?
False
Is 690 a factor of 2541351?
False
Is 395 a factor of 1880595?
True
Is 86 a factor of 46870?
True
Is 3285754 a multiple of 12?
False
Does 70 divide 11921980?
True
Is 126640 a multiple of 40?
True
Does 18 divide 753390?
True
Is 10 a factor of 6099?
False
Is 27552 a multiple of 164?
True
Is 8290999 a multiple of 1118?
False
Does 6 divide 2282346?
True
Does 7 divide 7819?
True
Is 1293850 a multiple of 565?
True
Does 7 divide 150087?
True
Is 455 a factor of 50960?
True
Is 2132 a factor of 6698744?
True
Does 143 divide 55000?
False
Is 39 a factor of 51090?
True
Is 13 a factor of 545493?
True
Is 96669 a multiple o